ommon divisor of 4715 and 3280?
205
What is the highest common factor of 180 and 418356?
36
What is the highest common divisor of 132568 and 146?
146
Calculate the highest common factor of 41436 and 4356.
36
Calculate the highest common divisor of 62 and 322741.
31
What is the highest common divisor of 24 and 632904?
24
Calculate the highest common divisor of 300 and 5900.
100
Calculate the greatest common factor of 30260 and 15308.
356
What is the highest common factor of 665834 and 26?
26
What is the highest common divisor of 22 and 45529?
11
Calculate the greatest common divisor of 283434 and 1164.
582
Calculate the highest common factor of 40 and 33360.
40
Calculate the highest common divisor of 1107104 and 32.
32
Calculate the highest common factor of 479988 and 268.
268
What is the highest common divisor of 795105 and 45?
45
What is the greatest common divisor of 62085 and 5?
5
What is the highest common factor of 6394710 and 4440?
1110
Calculate the greatest common factor of 10368 and 6966.
162
Calculate the highest common divisor of 320 and 8982080.
320
What is the greatest common divisor of 2256 and 203322?
282
What is the highest common divisor of 15188470 and 110?
110
Calculate the highest common factor of 766764 and 18.
18
What is the highest common factor of 1434 and 46?
2
What is the highest common factor of 65723 and 6601?
287
Calculate the greatest common factor of 7455 and 322.
7
What is the highest common factor of 73364 and 8?
4
What is the greatest common factor of 19665574 and 586?
586
What is the highest common divisor of 5848 and 1290?
86
What is the greatest common factor of 2224 and 344998?
278
What is the greatest common divisor of 15 and 14424645?
15
Calculate the greatest common factor of 228 and 494.
38
What is the highest common divisor of 279499 and 11?
11
Calculate the greatest common divisor of 16548 and 8.
4
Calculate the highest common factor of 75866 and 28.
14
What is the highest common divisor of 84 and 27036?
12
What is the highest common divisor of 365 and 444205?
365
Calculate the greatest common divisor of 12 and 355460.
4
What is the greatest common factor of 651968 and 4008?
1336
Calculate the greatest common factor of 552 and 48162.
138
Calculate the greatest common factor of 133101 and 1863.
207
What is the greatest common factor of 17 and 166277?
17
What is the highest common divisor of 4554 and 9216?
18
What is the greatest common factor of 2500 and 14450?
50
What is the greatest common divisor of 23598 and 194902?
874
Calculate the highest common factor of 984 and 217956.
492
Calculate the highest common divisor of 2981256 and 408.
408
Calculate the greatest common factor of 7580 and 12886.
758
Calculate the greatest common factor of 1620 and 5652.
36
Calculate the greatest common factor of 7 and 1493016.
7
Calculate the highest common factor of 2472502 and 1108.
554
What is the highest common divisor of 102579 and 93?
93
Calculate the greatest common factor of 52712 and 22.
22
What is the greatest common factor of 26019 and 131418?
441
Calculate the highest common divisor of 571807 and 991.
991
Calculate the greatest common divisor of 30108 and 11388.
156
Calculate the highest common factor of 294 and 51072.
42
What is the greatest common divisor of 3078 and 7904?
38
Calculate the greatest common factor of 218863 and 116.
29
What is the greatest common divisor of 124355 and 110?
55
What is the greatest common divisor of 117 and 276198?
39
Calculate the highest common factor of 14396 and 12566.
122
Calculate the highest common divisor of 214773 and 1443.
39
Calculate the highest common factor of 2882 and 26708.
22
What is the highest common factor of 6290 and 13090?
170
Calculate the greatest common divisor of 515 and 80855.
515
Calculate the highest common divisor of 24453 and 702.
117
What is the greatest common divisor of 1116 and 100719?
279
Calculate the greatest common divisor of 334 and 1884094.
334
What is the greatest common divisor of 19085 and 110?
55
Calculate the greatest common divisor of 774 and 13968.
18
Calculate the greatest common divisor of 13593 and 105789.
591
What is the greatest common factor of 71 and 12246719?
71
What is the highest common divisor of 990 and 255354?
66
What is the greatest common divisor of 48929 and 4763?
433
Calculate the greatest common divisor of 238383 and 9.
9
What is the highest common factor of 102330 and 270?
270
What is the highest common factor of 91 and 2015923?
91
Calculate the greatest common factor of 621 and 373727.
23
Calculate the greatest common divisor of 464 and 2352.
16
Calculate the highest common factor of 2418300 and 900.
900
What is the greatest common factor of 182488 and 488?
8
Calculate the highest common divisor of 18727 and 549.
61
Calculate the highest common factor of 11475050 and 94.
94
Calculate the highest common divisor of 367356 and 759.
759
What is the greatest common factor of 151165 and 245?
245
What is the highest common divisor of 284634 and 2079?
189
What is the highest common divisor of 136690 and 10?
10
What is the highest common divisor of 11060 and 340?
20
What is the greatest common factor of 477 and 1403493?
159
Calculate the greatest common divisor of 304258 and 9238.
298
Calculate the greatest common factor of 8 and 644.
4
Calculate the greatest common factor of 5152 and 7774.
46
What is the highest common divisor of 12699 and 2739?
249
What is the greatest common factor of 2370721 and 29?
29
What is the highest common factor of 195 and 1599?
39
Calculate the greatest common factor of 128404 and 752.
188
What is the greatest common factor of 34041 and 21?
21
Calculate the greatest common factor of 629288 and 1144.
88
Calculate the highest common divisor of 1144 and 16808.
88
What is the greatest common divisor of 2604 and 17304?
84
Calculate the greatest common divisor of 144866 and 14238.
226
What is the highest common divisor of 372 and 1364?
124
Calculate the greatest common factor of 675 and 785.
5
Calculate the greatest common factor of 4734 and 3682.
526
Calculate the highest common factor of 277371 and 108.
27
What is the highest common divisor of 54 and 710478?
54
What is the highest common factor of 804384 and 570?
114
Calculate the greatest common divisor of 20374 and 1342.
122
What is the highest common factor of 8 and 2412872?
8
Calculate the highest common factor of 943733 and 217.
217
Calculate the highest common divisor of 5423 and 30943.
319
What is the greatest common factor of 225 and 26935?
5
What is the greatest common factor of 305 and 1115?
5
What is the highest common divisor of 11732 and 76?
4
What is the highest common divisor of 150673 and 483?
23
What is the greatest common divisor of 9216 and 18?
18
Calculate the greatest common factor of 369 and 1638688.
41
Calculate the greatest common factor of 83759 and 442.
221
What is the greatest common divisor of 110 and 2123?
11
What is the highest common divisor of 4029 and 7259?
17
Calculate the greatest common divisor of 5 and 29335.
5
Calculate the highest common factor of 152 and 51281.
19
Calculate the highest common divisor of 1050 and 96075.
525
Calculate the highest common factor of 2915 and 704.
11
Calculate the highest common factor of 2817 and 6957.
9
What is the highest common divisor of 20048 and 5264?
112
What is the highest common factor of 4988 and 870?
58
Calculate the highest common factor of 156 and 79209.
39
What is the greatest common factor of 3 and 63807?
3
What is the highest common divisor of 2180 and 130?
10
What is the highest common divisor of 26928 and 21384?
792
What is the highest common factor of 3483 and 1419?
129
Calculate the highest common divisor of 9715 and 49735.
145
What is the highest common divisor of 1887210 and 520?
130
What is the highest common factor of 560 and 71260?
140
What is the highest common divisor of 185 and 99160?
185
Calculate the highest common factor of 77 and 3014.
11
What is the highest common factor of 357 and 144347?
119
What is the highest common factor of 954 and 77062?
106
Calculate the highest common factor of 78228 and 2542.
82
What is the highest common divisor of 118980 and 80?
20
What is the greatest common divisor of 649 and 280427?
59
Calculate the highe